What is the highest common divisor of h and 610?
10
Suppose -4*n + 10 = 4*x - 6, 0 = -3*n - x + 18. Suppose -q + n = 3*q + 5*v, -q - 8 = -2*v. Let p = 30 - q. What is the greatest common divisor of p and 160?
32
Suppose 2*x = -5*y + 460, 0 = 37*x - 40*x + 3*y + 690. What is the highest common factor of x and 2875?
115
Suppose -158*w + 162*w - 72 = 0. Let h(v) = -16*v - 5. Let p be h(-3). Let t = 155 + p. What is the highest common divisor of t and w?
18
Suppose 10 + 2 = 6*m. Suppose 0*f = f - m. Suppose 50 = 3*v + 2*z, z = -4*v + f*z + 63. Calculate the greatest common divisor of 128 and v.
16
Suppose 3*c = 328 + 395. Suppose 2*w - 188 = -4*m, -c - 81 = -3*w + 4*m. Calculate the greatest common divisor of 12 and w.
6
Suppose -36*k + 5*m + 1634 = -32*k, 4*m - 24 = 0. Calculate the highest common divisor of 130 and k.
26
Suppose -159104 = -3*y - 28*y + 9*y. What is the greatest common factor of y and 64?
64
Let m be (-79)/((-14773)/(-102))*(-33)/6. Let h(x) = -x**2 - 7*x. Let o be h(-7). Suppose 0 = -o*a - 2*a + 6. Calculate the greatest common factor of a and m.
3
Suppose 2*r = i + 11, -8 = -r + 2*i - i. Suppose 0 = r*w - 5*w - 4, 5*w + 20 = 5*g. Suppose -2*m = m - 15. Calculate the greatest common factor of g and m.
1
Suppose h - y - 1 = 0, -2*y - 1 = -3*h - 3. Let f be (h - -4) + 4 - -23. Calculate the greatest common divisor of 81 and f.
27
Let l be (-4065)/(-75) - (-72)/(-60). Suppose 4*k + 5*n = 339, 5*k + 153 - 552 = 2*n. Let f = k - l. What is the greatest common divisor of f and 7?
7
Suppose 5*h + 48 = 11*h. Suppose i + 3*y = 2, -5*i + h*y + 54 = 12*y. What is the greatest common divisor of i and 35?
7
Let c = -6302 + 6326. What is the greatest common factor of c and 7944?
24
Let x = 739 + -643. What is the highest common divisor of x and 756?
12
Let m = 29232 - 29072. Let c = 13 + 115. Suppose -l - 3*l = -c. Calculate the greatest common divisor of m and l.
32
Suppose -5*s + h = -4, 3*s = 4*h + h - 2. Let q be 546/104*(40/6)/s. What is the greatest common divisor of 55 and q?
5
Let t be 42/(-63) + 188/(-6). Let k = t + 38. Suppose 3*b + 2*x - 17 = 0, b = x - 2*x + k. What is the highest common factor of b and 20?
5
Let r(x) = -78*x**2 + 486*x + 14. Let h be r(5). What is the greatest common divisor of 78 and h?
26
Let t(w) = -w**3 - 15*w**2 + 27*w - 34. Let h be (4/8)/(2/204*-3). Let s be t(h). What is the highest common factor of s and 10?
5
Let a(y) = 15*y + 1. Let o be a(3). Let h(f) = 2*f**3 - 240*f**2 + 248*f - 638. Let w be h(119). What is the greatest common factor of w and o?
46
Let p = -10381 - -11251. Calculate the greatest common divisor of 420 and p.
30
Let c be (-5)/((-270)/24)*192*-3. Let v = c - -274. Let o be -24*((0 - 1) + 0). What is the highest common divisor of v and o?
6
Let n be (-256)/(-2) + -150 + 153. Calculate the greatest common divisor of n and 4847.
131
Let l be 424 - 0/(48/14 - (-192)/336). Calculate the greatest common divisor of 901 and l.
53
Suppose -3*o = -o + 3*g - 5525, 0 = 2*o - g - 5537. Suppose 5*i = -4*c - 0*i + o, 0 = -3*c - 4*i + 2075. Calculate the greatest common divisor of c and 63.
63
Suppose 0 = -3*a - 2*a + 45. Let t be (-2)/9 - (-1566)/486. Calculate the highest common factor of a and t.
3
Let m = 2260 + -2117. Let j(c) = c**2 - 4*c + 1. Let y be j(-4). Calculate the highest common divisor of y and m.
11
Let r = -10052 + 10238. What is the greatest common factor of 11718 and r?
186
Suppose -8*l = -4141 + 3341. Calculate the greatest common divisor of 2450 and l.
50
Let h be (-9152)/20 + (3 - (-17)/(-5)). Let d = h + 633. Calculate the greatest common factor of 200 and d.
25
Let d be ((-30)/40)/(4/(-32)). Let i be (-77)/42 + d + (-2)/12. Let a = 50 - 18. What is the greatest common factor of i and a?
4
Let f be ((-10)/7)/(((-2)/6)/(4 - -3)). Calculate the highest common divisor of f and 340.
10
Let m be (10/(-6))/(155/60 - 3). Suppose -5*f + 407 = -46*l + 44*l, m*f + l - 323 = 0. What is the greatest common factor of f and 3?
3
Suppose 3*b = 2*p - 25, 4*b - 169 = -165. Let v be 8/20 + (-136)/(-10). Calculate the highest common divisor of p and v.
14
Let u be (-1)/((-1)/3) + (-1432)/8. Let w = -141 - u. Calculate the greatest common factor of w and 70.
35
Let u be (13/39*-16)/((-6)/63). What is the greatest common factor of u and 15064?
56
Let y be -4 + 0 + 0 + (711 - -4). Let g be (-2)/(-4) + y/18. What is the greatest common factor of g and 20?
20
Suppose 5*m = -20, 3*h + 3*m - 1218 - 3522 = 0. What is the greatest common factor of h and 99?
99
Let i = 1370 - 1095. Calculate the highest common factor of 33 and i.
11
Suppose 96*x - 29*x = -7*x + 466792. What is the greatest common divisor of 76 and x?
76
Let r be (2/6)/((-2)/(-24)). Suppose -5*g - 3*d + 449 = -g, -3*g + 318 = -r*d. Let h = -229 - -273. What is the highest common factor of h and g?
22
Suppose 51*k = 922 - 637 + 1500. Calculate the greatest common factor of k and 945.
35
Let w = -25 - -27. Suppose -4 = 4*x - 7*b + w*b, 0 = -4*x - 5*b + 36. Let g be (3/(-2))/((-3)/x). Calculate the highest common divisor of 1 and g.
1
Let z be (-3 + 7 - 4)*(-2)/4. Suppose z = -16*q - 4714 + 20330. What is the highest common divisor of q and 16?
16
Let b = -111 - -99. Let f be (0 - -4) + -2 - b. Suppose 5*s - 114 = -f. What is the highest common divisor of s and 180?
20
Let u(z) = -9*z**3 + z**2 - 74*z - 464. Let b be u(-7). What is the greatest common divisor of b and 330?
110
Let n(g) = 2*g**3 - 8*g**2 + 12*g + 23. Let j be n(8). Let f = j - 573. What is the highest common divisor of f and 29?
29
Let m = -21 + 28. Let z be -3*((-8876)/12)/m. Let s = 453 - z. What is the highest common factor of 17 and s?
17
Let r(x) = 2*x**2 - 21*x + 34. Let g(a) = -5*a**2 + 63*a - 102. Let f(j) = -3*g(j) - 8*r(j). Let i be f(-10). Calculate the highest common divisor of i and 27.
9
Let j be (3*(-2)/(-6))/(87/870). Let k = 46 + 3. Let r = 139 - k. What is the greatest common factor of j and r?
10
Let x = -67 - -328. Suppose 7*t + 14 = 3*t - 2*l, 0 = 4*t - 5*l - 7. Let c be ((-232)/(-16))/(t + 1)*-2. What is the greatest common factor of c and x?
29
Suppose 31*y - 3*a = 34*y - 5106, 2*y - 3410 = 4*a. What is the greatest common divisor of y and 26?
13
Let g = -7439 - -7451. What is the highest common divisor of g and 292?
4
Let b be ((-93)/2)/(1/(-2)). Suppose 20*h = -13 + 133. Suppose -17*q + 341 = -h*q. What is the greatest common factor of q and b?
31
Suppose 48 = 9*v - v. Suppose -3*n = -v, -2*b + 67 = 2*n - 669. Let h = b - 196. Calculate the highest common divisor of 17 and h.
17
Suppose -7*o + 5 = 2*x - 8*o, -2*x + 4*o + 8 = 0. Suppose a = x*a, j - 14 = -3*a. Calculate the greatest common divisor of j and 112.
14
Let g = 40130 + -26931. Calculate the highest common divisor of g and 591.
197
Let d = -15 + 27. Let m(y) = 2*y**3 - 6. Let s = 7 - 4. Let r be m(s). What is the highest common divisor of d and r?
12
Suppose 4*o - f - 206 = 0, -2*f = o - 3*f - 53. Let q be 9/15 + o/15. Let p be (q/12)/(1 + (-172)/174). Calculate the highest common divisor of 58 and p.
29
Let d(p) = p + 319. Let x be d(0). Suppose 4*j - 25*j = -30345. Suppose 0 = 2*b - j + 1387. What is the highest common factor of x and b?
29
Let z(s) = 23*s + 19*s - 13 + 102*s**2 - 27*s. Let h be z(1). What is the greatest common factor of 91 and h?
13
Let n = -31270 + 36748. Calculate the highest common divisor of n and 132.
66
Let j = -626 - -142. Let s = j - -504. Let o(p) = p**2 + 3*p - 6. Let m be o(-5). What is the greatest common divisor of s and m?
4
Let y be (-20)/(-8) - 18/(-36). Suppose y*k + 176 = 500. Calculate the highest common divisor of k and 108.
108
Suppose -35*i + 195 - 20 = 0. Let b(s) be the third derivative of 23*s**4/24 + 10*s**3/3 - s**2. Let c be b(i). What is the highest common factor of 90 and c?
45
Let f(o) = -o**3 + 7*o**2 - o - 3. Let h be f(6). Suppose u - h = -2*u. Let i be 1/(-2) - (3276/(-8))/u. What is the highest common factor of i and 30?
15
Suppose -11*a + 325 = -6*a. Let v be (-1 + -11)/3 + (1 - -5). Suppose -5 = 2*h - 5*l, -h + 5*l = v*l + 4. What is the greatest common factor of a and h?
5
Let j be (-2805)/17*(-4)/12*3. What is the highest common factor of 440 and j?
55
Let p(k) = -k**3 - 7*k**2 - 9*k - 9. Let f be p(-6). Let c = 250 + -205. Wha